*c + w + 3*w = -q, 92 = c + 3*w. What is the tens digit of c?
9
Let f be 8/4 - (5 + -5). Suppose -4*g - f + 6 = 0. Let q(h) = 15*h - 1. What is the units digit of q(g)?
4
Let l(g) = -12*g + 4. Let m(z) = -4*z + 1. Let p(c) = 5*l(c) - 16*m(c). Let u be p(-2). What is the hundreds digit of (u - (2 - 7))/(2/290)?
1
Suppose -u = 13*u - 9436. What is the units digit of 11 - 5 - u*-1?
0
Let h = -694 - -697. Suppose 0 = 5*q - 0*r - 3*r - 1175, -h*q - 5*r + 739 = 0. What is the hundreds digit of q?
2
Suppose 2*h = 3*g + 4*h, -g + 4 = 2*h. Let t(l) = -40*l + 11. What is the units digit of t(g)?
1
Let o(j) = -8 - 3*j**3 + 0*j - 8*j**2 + 3 - 10*j. Suppose 2*h - 3*v + 96 = 79, 3*h = -2*v - 6. What is the tens digit of o(h)?
9
Suppose 57*v - 12241036 = -115*v + 173408. What is the ten thousands digit of v?
7
Let i = 9999 + -6582. What is the thousands digit of i?
3
Let d = -289 - -304. Suppose -d*p = -7*p - 3952. What is the units digit of p?
4
Suppose 4*f - 429 = a, -5*f - 3*a - a + 531 = 0. Suppose -191 = -n - f. What is the units digit of n?
4
Let a = -193 - -264. What is the units digit of a?
1
Suppose 14673 - 1579953 = -30*d. What is the ten thousands digit of d?
5
Let t be (-8)/12*3 + 4*18. Suppose -t = c + 82. What is the units digit of (-1)/(-2 - 300/c)?
8
Let g(i) = -27*i**2 - 12*i + 38. Let m(x) = 53*x**2 + 26*x - 75. Let j(f) = -9*g(f) - 4*m(f). What is the hundreds digit of j(5)?
7
Let z(v) = 37*v**3 - 11*v**2 + 115*v - 740. What is the ten thousands digit of z(7)?
1
Let h(q) = q + 9. Let k be h(-7). Suppose -2*v - 472 = -2*z, k*z + 0*v - 4*v = 478. What is the hundreds digit of z?
2
What is the thousands digit of 2/4 - 2190815/(-122)?
7
Suppose 0*c + 3*c - 44952 = -3*c. What is the hundreds digit of c?
4
Suppose 5*q - 1204 = -1019. Suppose 38*p - 2051 = q*p. What is the hundreds digit of p?
0
Suppose -132*c + 359640 + 150012 = 0. What is the hundreds digit of c?
8
Let k(o) = 13*o**2 - 165*o - 39. What is the tens digit of k(28)?
3
Let f(g) be the first derivative of -2/3*g**3 + 20 - 6*g - 18*g**2. What is the tens digit of f(-16)?
5
Suppose 14*k - 8*k - 246 = 0. Let z = k + -4. What is the tens digit of z?
3
Let a(m) = 214*m + 1336. What is the tens digit of a(0)?
3
Suppose 2*c = -4*m + 7 + 21, 4*c - 76 = 2*m. What is the hundreds digit of 12/(-8)*12/c*-335?
3
What is the units digit of 0/(-5 + 12) - (-15836 - 0)?
6
Suppose -9*i - i = -90. Let p(h) = 9*h - 13 - 26 - 13 + 10. What is the units digit of p(i)?
9
Let l be 984/(-14) - 14/(-49). Let n = -72 - l. What is the hundreds digit of (-2)/(-4)*(372 - n)?
1
Suppose -3*s - 8 = -3*g + 13, -5*g + 20 = -2*s. Let o be g*5*(-9)/(-30). Suppose -t - 224 = -o*t. What is the tens digit of t?
1
Let l be 1/(15/(-42) + 1/(-7)). Let g be ((-381)/4)/((-174)/(-96) + l). Suppose -3*a = 76 - g. What is the tens digit of a?
4
Let w(u) = -288*u - 92. What is the tens digit of w(-4)?
6
Suppose 12630 - 10143 = -7*u + 88839. What is the ten thousands digit of u?
1
Let w(v) = 44*v + 107. Let c be w(-2). Suppose 3556 = c*l - 11150. What is the tens digit of l?
7
Let i be (5/10 - (-7)/2) + -4. Suppose 2*q - 4*a + 3*a - 945 = i, 2*q = 5*a + 965. What is the hundreds digit of q?
4
Let r(q) = 2*q**3 - 9*q**2 + 9*q - 22. Let p be r(4). What is the tens digit of p + (-14)/(-6)*201?
6
Suppose -20 = -56*z + 51*z. What is the tens digit of ((-20)/z)/(808/(-268) - -3)?
3
Let a = 786 - -19. Let d = 499 + a. What is the hundreds digit of d?
3
Let f(b) = -39*b + 33. Let a(u) be the first derivative of 5*u**2 - 8*u - 6. Let m(k) = 26*a(k) + 6*f(k). What is the units digit of m(6)?
6
Let r be 20/(-140) - 3*(-22)/21. Suppose 494 = 4*z - 2*z + r*f, -494 = -2*z - f. What is the hundreds digit of z?
2
Let v(g) = 76*g - 353. Let q be v(12). Let p = 737 - q. What is the units digit of p?
8
Suppose 53209 - 38903 + 52621 = 7*g. What is the tens digit of g?
6
Suppose 3*g = 8*g - 4*n + 24, -3*g = -3*n + 12. What is the hundreds digit of 10218/15 + (g - 78/(-10))?
6
Suppose -5*o = -16 + 6. Suppose -4*b - o*b + 1608 = 0. Let c = b - 177. What is the units digit of c?
1
Suppose -67*y = -10*y - 0*y. Suppose 23*a - 13*a - 16190 = y. What is the thousands digit of a?
1
Suppose -3*a - 15 = 0, -9*x + 2*a = -5*x - 18. Let s(u) = 5*u + 288*u**2 - 5*u + 1 - 3 + x*u. What is the hundreds digit of s(1)?
2
Let o(a) = -176*a**3 - a**2 - 89*a - 361. What is the units digit of o(-4)?
3
What is the hundreds digit of 10007 - (-3 - ((-3 + 2)*1 + 1))?
0
Let p be 4 + (-1 + 3)/(-1). Suppose -5*i + 24 = 3*n - p*n, -4*n - 4 = -5*i. Suppose 0 = i*x - 2*d - 138, 3*x - d = 50 + 51. What is the units digit of x?
2
Let y(q) = 179*q**2 + 366*q - 2249. What is the tens digit of y(6)?
9
Let s = 57 + -57. Suppose 0*k + k - 8 = s. Suppose k*x = 2163 - 147. What is the units digit of x?
2
Let r(h) = -238*h - 6547. What is the thousands digit of r(-47)?
4
Let r = 1698 + -713. Suppose 2*u + 17 = r. What is the tens digit of u?
8
Let w = -219 + 817. Suppose -z + 3*z = w. What is the tens digit of z?
9
Suppose 0*q = -q - 5*i - 87, -i = 2*q + 165. Let s be 2/(((-12)/q)/(-3)). Let g = s - -66. What is the units digit of g?
5
Let p be 29/(-9) - (-2)/9. What is the hundreds digit of p/2*(-6604)/78?
1
Suppose -9*j + 6*j + 12 = 0. Suppose -j*q = -5*q + 192. What is the tens digit of 27/12*q/9?
4
Let n = -5368 + 12497. What is the thousands digit of n?
7
Let c = -107942 - -154270. What is the units digit of c?
8
Let s(t) = -4*t**2 + 0*t**3 + 0*t - 4*t**2 + t**3 - t - 7. Let v be s(8). Let x(p) = p**2 + 6*p - 11. What is the hundreds digit of x(v)?
1
Let b = 89 + -101. What is the hundreds digit of (-4)/b*(812 + 1)?
2
Suppose -4*d + 4*w = -4, 1 = 4*w - 3. Suppose 3*h = 6, 5*t - 2 = d*h + 1159. Suppose -2*k - 73 = -t. What is the tens digit of k?
8
Let f = 2739 + -2588. Let a = -86 + 54. Let w = f + a. What is the tens digit of w?
1
Let f(s) = 42*s**3 - 4*s**2 + 16. Suppose 3*h + p + 18 = 24, -h - 9 = 4*p. What is the units digit of f(h)?
4
Let m be 12*(2*166/6 - 1). Suppose m = 10*x - 118. Suppose -5*c = x - 737. What is the tens digit of c?
3
Let m = 7 + 444. Let s = 486 - m. What is the tens digit of s?
3
Let t = 418 + -328. Suppose t*v - 5440 = 80*v. What is the hundreds digit of v?
5
Let m be (-3*(-32)/(-120))/(4/1250). Let o = 528 + m. What is the units digit of o?
8
What is the hundreds digit of (4660 - -11*14/(-77)) + -1 + -2?
6
Suppose n + 11 = o, -5*n = -3*n. What is the tens digit of 1*3071/o + 2/(-11)?
7
Suppose 17*j = 24*j - 21. Suppose 0 = j*f - 59 - 955. What is the tens digit of f?
3
Let g = 7456 - 4661. What is the hundreds digit of g?
7
Let o be 1 - ((-6)/2 - 5). Let k(j) = -2*j**2 + 16*j - 4. Let n be k(o). What is the tens digit of (3 - n/(-6))*-57?
3
Let h be 1*(-1)/(-3) + 205/15. Suppose h*y + 9114 = 11*y. What is the tens digit of y/(-18) + 34/153?
6
Suppose 6*v = -3*v + 162. Suppose -20 = -m - v. What is the tens digit of m/7 - (-82)/7?
1
Suppose 3*b + 24 + 0 = 0, 3*b = 5*w - 143129. What is the units digit of w?
1
Let b(x) = 23*x - 47 - 19*x - 12*x. What is the tens digit of b(-16)?
8
Let t = 25049 + -10611. What is the thousands digit of t?
4
Let f = 846 + 4360. What is the units digit of f?
6
Let r = -26087 - -45213. What is the thousands digit of r?
9
Suppose -27*x + 15*x + 264 = 0. Suppose x*a - 11820 = 10*a. What is the hundreds digit of a?
9
Let g be (-90)/(-165) - 10/(-22). Let v = g + 1054. What is the hundreds digit of v?
0
Let v(w) = -w**3 - 27*w**2 - 9*w + 38. What is the units digit of v(-29)?
1
Let k = -1071 + 1947. Suppose 13*r = r + k. What is the tens digit of r?
7
What is the hundreds digit of (-1)/17 - 441144/(-3366)?
1
Suppose -5*t - 40 = -10*t - 5*a, 0 = 2*a + 4. Suppose -1 + t = 3*h, j - 236 = 4*h. What is the units digit of j?
8
Suppose -28*a = -23*a + 4*d - 97151, 2*d - 19423 = -a. What is the hundreds digit of a?
4
Let y = -62349 + 106047. What is the ten thousands digit of y?
4
What is the hundreds digit of 2806/253 - (9 + 2) - (-67407)/11?
1
Suppose -4*w - 48 = -3*m, 5*w = 2*m - 3*m - 60. Let r be (w - 1)*(-5 + 2)/3. Suppose -r*x = -5*x - 344. What is the tens digit of x?
4
Let c = 1531 + -1076. Suppose 0 = -58*z + 53*z + c. Let q = z - 82. What is the units digit of q?
9
Let m = 6 - 0. Suppose 0 = z - 4*g + m + 3, -5*z = 5*g - 5. Let